 remainder when n is divided by h.
17
Suppose 6 = -3*j, 2*j + 6 = h - 0*j. Suppose h*q = -0*q + 66. Calculate the remainder when 64 is divided by q.
31
Let l be (16/20)/(4/130). Calculate the remainder when 2/(-4) - 345/(-46) is divided by (-14)/(-21) + l/6.
2
Suppose 7*l - 9*l - 126 = -w, -2*w - 3*l = -252. Calculate the remainder when w is divided by 11.
5
Suppose -5*y - 4 = -59. Let h = -12 - -32. Calculate the remainder when h is divided by y.
9
Let l(g) = g**3 - 8*g**2 + 8*g. What is the remainder when 82 is divided by l(7)?
5
Let n = 541 + -515. Suppose 2*o + 3*o = 35. Calculate the remainder when n is divided by o.
5
Let l = 236 + -215. What is the remainder when 34 is divided by l?
13
Let z = 248 + -245. Calculate the remainder when (64/12)/(4/6) is divided by z.
2
Suppose 6*l + 200 = 8*l. Suppose -l = 12*r - 16*r. What is the remainder when 123 is divided by r?
23
Let m(w) = -16*w - 13. What is the remainder when m(-3) is divided by 8?
3
Suppose -4*f = -l + 14, 0 = -9*f + 10*f + 3. Let m(s) = s**3 - 5*s**2 + 4*s - 3. Let x be m(4). What is the remainder when (-4)/x*39/l is divided by 9?
8
Calculate the remainder when 75 is divided by -129*(35/15)/(-7).
32
Suppose 5*q - 2*q + 18 = 0. Let b be (-3)/q*(-6 - -12). Suppose 5*o = -5*m + 200, -2*o - 169 = -4*m + b*o. What is the remainder when m is divided by 11?
8
Let p(o) = o**2 + 6*o - 16. Let g = -5 + 5. Suppose -z = -g*z - 10. Calculate the remainder when p(5) is divided by z.
9
Let f = -4 + 8. Calculate the remainder when (11/(220/168))/(24/60) is divided by f.
1
Let h = -4 - -13. Let q be -4 + 7 - (1 - 1). What is the remainder when h is divided by 11/q + 11/33?
1
Suppose -b + 22 + 6 = z, 4*b = -z + 28. Let t be (0 - (-2 + 1))/(-1). Calculate the remainder when -222*1/2*t is divided by z.
27
Calculate the remainder when 100 is divided by 0 + 0 + 20 - (5 + -2).
15
Suppose 5*u - 155 = 4*z, -u - 2*u - 5*z = -93. Suppose 0 = -16*k - k + 323. Calculate the remainder when u is divided by k.
12
Let y(o) = 22*o + 3. Let h(m) = -m**3 + 19*m + 48. Calculate the remainder when y(3) is divided by h(-3).
15
Suppose -2*g + 21 = 2*w + 3*w, -g = -3*w - 16. Suppose 2 = r, -s - 2*s = -2*r + g. Let t(b) = -16*b - 1. Calculate the remainder when t(s) is divided by 16.
15
Let f = 38 - 38. Suppose f = 2*h + 4*h - 564. What is the remainder when h is divided by 24?
22
Let i = -481 - -515. Calculate the remainder when 39 is divided by i.
5
Let i(k) = -k**3 - 11*k**2 - k + 8. Let l(w) = 72*w - 14. What is the remainder when l(2) is divided by i(-11)?
16
Suppose -9*l + 13*l = 92. Calculate the remainder when 112 is divided by l.
20
Calculate the remainder when 8 is divided by 14 + (-5 - (-4)/(-4 - 0)).
0
Suppose -v + 25 = 3*p - p, 0 = -2*v + 5*p + 68. What is the remainder when 1620 is divided by v?
25
Suppose 9*q - 428 = 5*q. Suppose -6*j + j - 15 = 0, 5*j + 26 = x. Calculate the remainder when q is divided by x.
8
Suppose -2*o = 2*o - 120. Let i be ((-3560)/(-30))/((-2)/(-3)). Suppose -4*g + g + 171 = 2*m, 2*m - 4*g - i = 0. Calculate the remainder when m is divided by o.
27
What is the remainder when ((-24)/18)/((-5)/450*3) is divided by 27?
13
Suppose -4*m - 4*y = -52, 28 = 5*m - y - 13. Calculate the remainder when 52 is divided by m.
7
Let p = 20 + 160. Let r = 317 - 280. Calculate the remainder when p is divided by r.
32
Suppose -29*v = -6*v - 1564. What is the remainder when v is divided by 38?
30
Let g = -28 - -49. Suppose 0 = -3*y + 117 - g. What is the remainder when y is divided by 10?
2
What is the remainder when (-1)/(-4) - (-7136)/128 is divided by 10?
6
Let y(g) = 36*g + 75. What is the remainder when y(0) is divided by 7?
5
Suppose -107 = -2*g + v, 0 = -4*g - v - 85 + 308. Suppose -5*r - 20 = i - g, -3*r + 44 = -4*i. What is the remainder when r is divided by 2?
0
Suppose -25*h = -30*h + 30. What is the remainder when (2/(-2))/(5/(-85)) is divided by h?
5
Let q(j) = j**2 + j - 2. Suppose 5*p + 91 = -24. Let d = p - -33. Calculate the remainder when q(5) is divided by d.
8
Suppose -277 + 236 = -3*g - 2*x, 3*g = -x + 40. Calculate the remainder when (1 + 0)*(-16)/(-1) is divided by g.
3
Let v(y) = -y**3 + 12*y**2 + 11*y + 16. Let h be v(13). Let u = h - -24. Calculate the remainder when 67 is divided by u.
11
Suppose 0 = -9*q - 10 + 109. Calculate the remainder when -2 + -1 - (-35 - -2) is divided by q.
8
Suppose c + 72 = 3*n, 0 = -c + 3*c. Suppose t + 480 = 13*t. Calculate the remainder when t is divided by n.
16
Let c(x) = -x**3 + 6*x**2 - 2*x + 76. What is the remainder when c(-7) is divided by 13?
12
Suppose 4*c + 5*x - 105 = 0, 0 = -5*c + 3*x + 172 - 50. What is the remainder when 489 is divided by c?
14
Calculate the remainder when 129 is divided by -3 + ((-61)/(-6) - (-85)/102).
1
Let o(g) = -5*g - 21. Let b be o(8). Let k = 12 - b. Calculate the remainder when k is divided by 19.
16
Suppose z = 3, b = -4*z + 50 - 11. Let t be 3/(-2)*-3*(-124)/(-9). Suppose t = 6*a + 2. Calculate the remainder when b is divided by a.
7
Suppose -5*d + 177 = -2*x, -119 = -3*d + 5*x - 28. Let y = -523 + 501. Let n = d + y. What is the remainder when 88 is divided by n?
13
Let g(c) = 3*c - 18. Let q be g(-3). Let y = q + 39. Calculate the remainder when 47 is divided by y.
11
Suppose o + 6 = 4*c + 45, 0 = 5*c + 5. What is the remainder when 65 is divided by o?
30
Suppose -9*z = -15*z - 168. Calculate the remainder when 1*-2*z/(-8)*-13 is divided by 33.
25
Let c = -107 + 204. Let h = -16 - -36. What is the remainder when c is divided by h?
17
Let t(p) = -2*p + 1. What is the remainder when t(-4) is divided by 7?
2
Let o(r) = 168*r**2 - 2. Let d be o(1). Suppose 24 = -d*s + 170*s. Suppose 2*m = -0*m + 8. What is the remainder when s is divided by m?
2
Suppose -8*s + 168 = -4*s - 4*c, 128 = 3*s - c. Let u = -28 + s. Let d(g) = -6*g + 4. What is the remainder when d(-4) is divided by u?
13
Let k(p) = -p**2 + 17. Let o be k(-4). Calculate the remainder when (-426)/(-9) - o/3 is divided by 10.
7
Calculate the remainder when 59 is divided by -2 + 18 + (-14 - -10).
11
Let o(j) = j**3 + 16*j**2 + 30*j + 68. Calculate the remainder when o(-8) is divided by 108.
16
Let d = 14 + -8. Suppose 7*g - 4*g - d = 0. Suppose 5*b + 2*v = 59, 5*v = b + g*b - 54. Calculate the remainder when 49 is divided by b.
10
Suppose -75 = -4*b - f, 2*f + 84 = b + 4*b. What is the remainder when 43 is divided by b?
7
Suppose 5*v - 7 = -42. Let h = v + 16. Calculate the remainder when 20 is divided by 3/(-2)*(-48)/h.
4
Let d = 41 - 14. Calculate the remainder when 456/d - 4/(-36) is divided by 6.
5
Let o(r) = 3*r**2 + 10. Let x = 8310 - 8294. What is the remainder when o(7) is divided by x?
13
Suppose 5*q - 5*k - 675 = 3*q, -12 = 4*k. What is the remainder when q is divided by 101?
27
Suppose -5*i - 5*v - 29 = -354, -195 = -3*i - 4*v. Suppose -4*x + 51 = -3*u, -5*x - 2*u = -7*u - i. Calculate the remainder when 58 is divided by x.
10
Let b = -12 - -15. Suppose 8*p - b*p = 0. Suppose -3*n + 5*n - 32 = p. What is the remainder when 63 is divided by n?
15
Let i(f) = 3*f + 68. What is the remainder when 27 is divided by i(-21)?
2
Let z be 16/3*(-21)/14. What is the remainder when ((-2)/z)/((-2)/(-8)) - -23 is divided by 23/3 + (-4)/6?
3
Let r(v) = -16*v + 12. Let f(m) = -m + 1. Let n(d) = -28*f(d) + 2*r(d). Calculate the remainder when 90 - 93 - ((-12)/(-9))/((-6)/117) is divided by n(-4).
11
Suppose -13*c = -17*c + 11604. What is the remainder when c is divided by 44?
41
Suppose 3*d - 147 = f - 2, 0 = -3*f + 6. Calculate the remainder when 50 is divided by d.
1
Let m = -429 + 460. What is the remainder when 307 is divided by m?
28
Let m = 252 + -253. Suppose -2*q = -0*q + 6. Calculate the remainder when 39 is divided by (q - m - 1) + 13.
9
Let d(n) = -20*n**3 + 2*n**2 + n - 3. Let j be d(3). Let o(k) = -11*k - 45. What is the remainder when j/(-14) + (-4)/14 is divided by o(-5)?
7
Suppose -3*m + m = -4. Suppose m*z = -5*v + 125, -3*z = 2*v - 0*z - 50. Suppose -26 = -5*g + 3*g. Calculate the remainder when v is divided by g.
12
Suppose 0 = 3*d - 2*b - 4691, d - 17*b = -12*b + 1568. What is the remainder when d is divided by 23?
22
Let a(f) = -156*f - 50. What is the remainder when a(-2) is divided by 53?
50
Let q(i) = 5*i**3 - i**2 - 2*i - 1. 